ctors of s?
2, 59
Suppose -3*l = -4*x + 92, 9*x - 4*x - 116 = 4*l. What are the prime factors of x?
2, 5
Let z(m) = -5*m + 4. Let g be z(3). Let c = 4 + g. What are the prime factors of c*3/6*-6?
3, 7
Suppose 0 = -5*n + 20 - 80. What are the prime factors of (30/(-4))/(2/n)?
3, 5
Suppose -4*f + 7*f = 0. Let v be (-1 - f)*(1 - 6). Suppose -4*o + 12 = -2*k, 2*o = v*k + 6*o - 40. What are the prime factors of k?
2
Let y(c) = -c**3 + c**2 - 18. Let n be y(0). List the prime factors of (-3 + -2)*n/5.
2, 3
Suppose -3*j + 2*l = -l - 123, 5*l - 225 = -5*j. What are the prime factors of j?
43
Suppose -3*k - 4 = 2*f, -4*k - 5*f + 8 = 25. What are the prime factors of k?
2
Suppose s - 4*z - 178 = 0, -5*s + 186 = -z - 723. List the prime factors of s.
2, 7, 13
Suppose 0 = -5*r + 279 - 24. List the prime factors of r.
3, 17
Let y = -47 + 85. Let q = 14 + y. List the prime factors of q.
2, 13
Let z be (-3736)/(-28) + 3/(-7). Suppose l + 2*x - 42 = 0, -4*l + 23 = 2*x - z. What are the prime factors of l?
2, 19
Suppose -4*p = -12, 4*r - 4*p = 2*r + 108. What are the prime factors of r?
2, 3, 5
Let n = -12 - -23. Let z(b) = -2*b**2 - 15*b - 8. Let y(t) = 5*t**2 + 31*t + 15. Let w(h) = -3*y(h) - 7*z(h). What are the prime factors of w(n)?
2, 11
Let f be (1 - 0)*6/2. List the prime factors of ((0 - 4)*f)/(-1).
2, 3
Let n = 80 + -44. Let w = -25 + n. What are the prime factors of w?
11
Let r be 5*(-4 + (0 - 1)). Let z(l) = l - 1. Let s be z(5). What are the prime factors of r/(-4) + 3/s?
7
Let t = 26 + -23. List the prime factors of t.
3
Suppose 2*w = 3*p + 5, 3*w + 3*p + 9 = 39. What are the prime factors of w?
7
Let i = 8 - 14. Let x = i + 8. List the prime factors of x.
2
Suppose -2*x + 7 = 2*n - 1, -2 = -2*n. List the prime factors of x.
3
Let v = -95 + 137. Suppose k = -k + v. What are the prime factors of k?
3, 7
List the prime factors of 51 + 2/6*-3.
2, 5
Suppose 0 = 10*f - 14*f + 64. List the prime factors of f.
2
Let s = 32 - 4. List the prime factors of s.
2, 7
Suppose -10 = -2*w - 3*w. Suppose l + w*h - 25 = 0, 20 = l - 2*h + 3. List the prime factors of (36/l)/(1/7).
2, 3
Suppose -10*c + 196 = -6*c. What are the prime factors of c?
7
Let q be 2 - (-4)/6*3. Suppose -3 = q*o - 31. What are the prime factors of o?
7
Let x = -8 + 13. What are the prime factors of (-22)/(-6) - x/(-15)?
2
Let x be 1*(-35)/(4 + -9). Let l(w) = 5*w**2 + 10*w + 5. Let y(o) = -2*o**2 - 3*o - 2. Let f(c) = -3*l(c) - 8*y(c). What are the prime factors of f(x)?
2
Suppose -3*q + 24 + 42 = 0. List the prime factors of q.
2, 11
Let u(h) = 2*h + 2. Let r be (-74)/(-14) - (-6)/(-21). List the prime factors of u(r).
2, 3
Let u = -34 - -58. What are the prime factors of ((-3)/4)/((-1)/u)?
2, 3
List the prime factors of (-32)/(-10)*(-5)/(-2).
2
Suppose 2*f + 3*f - 5*o = -30, -6 = f - 4*o. Let y = f + 12. List the prime factors of 8/3*y/4.
2
Let z(t) = 8*t**2 + 5*t - 3 - 7*t - 1 - t**3. List the prime factors of z(7).
31
Let t = 97 + -95. Let q be (-3)/(-3) + (-2 - -1). Suppose q = 5*f + 5, t*f + 42 + 5 = 5*o. List the prime factors of o.
3
Let l = -1 + 3. Suppose -l*u - 3 = u, 2*u = -5*f + 8. Let y(m) = 6*m - 2. List the prime factors of y(f).
2, 5
What are the prime factors of 41 - 16/(4 - 0)?
37
Let o = 367 - 120. What are the prime factors of o?
13, 19
Suppose v = 3*v - 16. What are the prime factors of v?
2
Let p(f) = f + 2. Suppose 3*t = t - 4. Let d be p(t). Suppose 2*y + 5 - 17 = d. What are the prime factors of y?
2, 3
Let d = -31 - -109. List the prime factors of d.
2, 3, 13
Let i(u) = u**2 - 4*u + 2. Let l be i(4). Let m(q) = -5 + l - 2*q + q - 2*q. List the prime factors of m(-2).
3
Let r be 38/6 - 2/6. Suppose -j + r = j. Suppose 2*f - 3 = j*c + 18, -3*c - 9 = 0. What are the prime factors of f?
2, 3
Suppose -h - 2*h = n - 47, -n + h = -35. Let p = n - -7. What are the prime factors of p?
3, 5
Let o be -1 - 1 - 1 - -3. Suppose -5*a + o*a = 0. Suppose a = 5*x - 11 + 1. List the prime factors of x.
2
Let k(h) be the second derivative of h**4/12 + h**3/6 + 3*h**2/2 - h. Let x be k(0). Suppose 4*y - x - 13 = 0. List the prime factors of y.
2
Suppose -3*j = -5*q - 19 - 53, -q = 3*j - 90. List the prime factors of j.
29
Suppose 0 = 5*h - 0*h - 90. What are the prime factors of h?
2, 3
Suppose 0 = -s - 5*f + 45, 5*s - f - 222 = s. What are the prime factors of s?
5, 11
Let r(d) = 13*d + 3. Let f be r(3). Suppose -4*s - 5*a - 26 + 90 = 0, 2*s + 5*a - f = 0. What are the prime factors of s?
11
Let y(i) = i**2 - 13*i + 16. Let z be y(12). What are the prime factors of 33 + z*(-4)/4?
29
Let a(c) = -10*c - 1. Let z(k) = k. Let h(g) = 2*a(g) + 14*z(g). Suppose 2*b - 4*r + 12 = 0, b - 8 = -5*r - 0. List the prime factors of h(b).
2, 5
Suppose 3*o - 5 - 4 = 0. Suppose -o = 2*x - 7. Suppose -2*t = 2*b - 18, 5*b - x*b = 5*t - 21. What are the prime factors of t?
2, 3
Suppose -96*f + 1360 = -91*f. List the prime factors of f.
2, 17
Suppose v + 40 = 5*v. What are the prime factors of v?
2, 5
Let t be (-2 - 4)/((-1)/(-5)). Let r = -21 - t. List the prime factors of r.
3
Suppose -4 + 16 = 3*v. Suppose 3*q + 2*a = 172 - 44, v*q = -a + 164. List the prime factors of q.
2, 5
Let o = -22 - -5. Let s = -7 - o. List the prime factors of s.
2, 5
Suppose 2*y + 4 = -5*f - 9, 1 = y + f. Suppose 20 = y*w - w. What are the prime factors of w?
2
Let d = -91 + 151. List the prime factors of d.
2, 3, 5
Let z(i) = -2*i**3 + 6*i + 1. Let b be z(-4). Suppose -2*x + 105 = 5*d, -6*d + 5*x = -d - b. What are the prime factors of d?
3, 7
Suppose 0*n + 25 = 5*n. Suppose -36 = n*s - 7*s. What are the prime factors of s?
2, 3
Suppose 232*k + 33 = 233*k. What are the prime factors of k?
3, 11
Let u(n) = 38*n - 3. Let a be u(2). Let g = -42 + a. Suppose g = 2*i + 3. List the prime factors of i.
2, 7
Let b be (4 - -7)/((-2)/(-12)). Suppose -b - 109 = -5*n. What are the prime factors of n?
5, 7
Let z be ((-2 - 2)*-1)/1. Suppose -4 = -z*v + 4. Suppose -v = 3*n - 14. What are the prime factors of n?
2
Let z(d) = -d**3 - 5*d**2 + 6*d + 2. Let q be z(-6). Let k = 8 - q. List the prime factors of k.
2, 3
Suppose 4*z - 5*i = 56, -5*z + 2*i + 17 = -4*z. Suppose 0 = 4*v + 15 + z. Let p = 1 - v. What are the prime factors of p?
7
Suppose 0 = 4*g - 5*g + 85. What are the prime factors of g?
5, 17
Suppose -5*w + w = -8. Suppose 9*r - b = 4*r + 117, -w*r + 40 = 3*b. What are the prime factors of r?
23
Let a = 11 - 5. Suppose 4*q - 2*x - 8 = -0, 0 = -3*q + 5*x + a. What are the prime factors of q?
2
Let n be 1 - 1/(-2)*-2. Suppose 0 = 3*b + f - 24 - 20, 0 = -3*b + f + 52. Suppose 0*g + g - b = n. List the prime factors of g.
2
Let s(k) be the second derivative of k**3/6 - 5*k**2 + 6*k. What are the prime factors of s(15)?
5
Let x = 14 - 10. What are the prime factors of x - 0 - (8 - 6)?
2
Let v(g) = 2*g**3 + 2*g**2 - 2*g - 2. Let h be v(-2). Let w = h + 8. List the prime factors of w.
2
Suppose 32 = -5*x + 182. What are the prime factors of x?
2, 3, 5
Let w be 2*(-1 + 1/2). List the prime factors of (w/(-3))/(5/30).
2
Let k be (0/(-1))/((-10)/(-5)). Let y(b) = -b + 23. List the prime factors of y(k).
23
Suppose -2*s - 48 = s. Let w = 28 + s. Suppose -3*p = p - w. What are the prime factors of p?
3
Let d(x) = 5*x**2 + 4*x + 2. List the prime factors of d(-3).
5, 7
Suppose 4*z = 46 + 74. Suppose d + d - z = 0. List the prime factors of d.
3, 5
Let a(t) = -5*t + 3. Let b be a(-3). Let k = 30 - b. What are the prime factors of k?
2, 3
Let y(t) = -t**3 + 10*t**2 + 2*t - 3. Let q be y(10). Suppose -o - 1 = 0, -v - 2*v = 4*o - q. What are the prime factors of v?
7
Let m(u) = -u**3 + 4*u**2 + 4*u - 4. Let h(c) = c**3 + 12*c**2 + 9*c - 7. Let j be h(-11). Let l = -11 + j. List the prime factors of m(l).
2, 3
Let l be (3/5)/(1/(-5)). Let g = -3 - -2. List the prime factors of g + l/((-3)/4).
3
What are the prime factors of -3 + 75/(-10)*(-48)/3?
3, 13
Let k(g) = -g**2 - g - 9. Let u be k(0). What are the prime factors of (-5)/((-10)/6) - u?
2, 3
What are the prime factors of 150/(-4)*(-16)/24?
5
Let d = 30 - 10. What are the prime factors of d?
2, 5
Let w(t) be the third derivative of -t**5/20 + t**4/24 + t**3/2 + 3*t**2. Let k(n) be the first derivative of w(n). List the prime factors of k(-2).
13
List the prime factors of 10/(-20) - (-21)/2.